{"id":44,"date":"2011-01-02T01:50:18","date_gmt":"2011-01-02T00:50:18","guid":{"rendered":"http:\/\/stadtorchester-herrenberg.de\/wp\/?page_id=44"},"modified":"2023-08-09T12:32:52","modified_gmt":"2023-08-09T10:32:52","slug":"wir-uber-uns-2","status":"publish","type":"page","link":"https:\/\/stadtorchester-herrenberg.de\/?page_id=44","title":{"rendered":"\u00dcber uns"},"content":{"rendered":"\n<p><strong>Das sind wir:<\/strong><\/p>\n\n\n<div class=\"wp-block-image\">\n<figure class=\"aligncenter size-large\"><img loading=\"lazy\" decoding=\"async\" width=\"1024\" height=\"485\" src=\"https:\/\/stadtorchester-herrenberg.de\/wp-content\/uploads\/2023\/08\/P7120121_schmal-1-1024x485.jpg\" alt=\"\" class=\"wp-image-1784\" srcset=\"https:\/\/stadtorchester-herrenberg.de\/wp-content\/uploads\/2023\/08\/P7120121_schmal-1-1024x485.jpg 1024w, https:\/\/stadtorchester-herrenberg.de\/wp-content\/uploads\/2023\/08\/P7120121_schmal-1-300x142.jpg 300w, https:\/\/stadtorchester-herrenberg.de\/wp-content\/uploads\/2023\/08\/P7120121_schmal-1-768x363.jpg 768w, https:\/\/stadtorchester-herrenberg.de\/wp-content\/uploads\/2023\/08\/P7120121_schmal-1-1536x727.jpg 1536w, https:\/\/stadtorchester-herrenberg.de\/wp-content\/uploads\/2023\/08\/P7120121_schmal-1-2048x969.jpg 2048w, https:\/\/stadtorchester-herrenberg.de\/wp-content\/uploads\/2023\/08\/P7120121_schmal-1-520x245.jpg 520w, https:\/\/stadtorchester-herrenberg.de\/wp-content\/uploads\/2023\/08\/P7120121_schmal-1-720x340.jpg 720w\" sizes=\"auto, (max-width: 1024px) 100vw, 1024px\" \/><\/figure>\n<\/div>\n\n\n<p><\/p>\n\n\n\n<p><strong>Unsere Vereinssatzung<\/strong><br><a href=\"wp-content\/uploads\/2011\/05\/Satzung_10_12_08.pdf\">Satzung<\/a><\/p>\n\n\n\n<p><strong>Unsere Dirigentin<\/strong><br>Sabine Blasberg studierte Blockfl\u00f6te und Allgemeine Musikerziehung an der Staatlichen Hochschule f\u00fcr Musik K\u00f6ln. Sie ist Diplom-Musikerin f\u00fcr Blockfl\u00f6te und Diplommusikp\u00e4dagogin f\u00fcr Blockfl\u00f6te und Allgemeine Musikerziehung. Bereits w\u00e4hrend ihres Studiums in K\u00f6ln nahm sie an Ensembleleitungs- und Dirigierkursen teil. Orchestererfahrung sammelte sie in verschiedenen Laienorchestern, wo sie Viola und Violine spielte und Probenarbeiten mit \u00fcbernahm. 1999 gr\u00fcndete sie das Streichorchester \u201eArchi di Colonia\u201c mit und leitete es. Nach dem Umzug nach Herrenberg und einer Kinderpause ist sie seit 2007 als Lehrkraft an der Musikschule Herrenberg t\u00e4tig. Sie unterrichtet dort Blockfl\u00f6te, Musikerziehung und \u201eSingen-Bewegen-Sprechen\u201c (SBS). Von September 2011 bis November 2017 war sie Fachbereichsleiterin f\u00fcr Blockfl\u00f6te und den Elementarbereich. Seit September 2016 leitet sie das Orchester der Stadt Herrenberg.<\/p>\n","protected":false},"excerpt":{"rendered":"<p>Das sind wir: Unsere VereinssatzungSatzung Unsere DirigentinSabine Blasberg studierte Blockfl\u00f6te und Allgemeine Musikerziehung an der Staatlichen Hochschule f\u00fcr Musik K\u00f6ln. Sie ist Diplom-Musikerin f\u00fcr Blockfl\u00f6te und Diplommusikp\u00e4dagogin f\u00fcr Blockfl\u00f6te und Allgemeine Musikerziehung. Bereits w\u00e4hrend&#46;&#46;&#46;<\/p>\n","protected":false},"author":1,"featured_media":0,"parent":0,"menu_order":4,"comment_status":"closed","ping_status":"closed","template":"","meta":{"footnotes":""},"class_list":["post-44","page","type-page","status-publish","hentry"],"_links":{"self":[{"href":"https:\/\/stadtorchester-herrenberg.de\/index.php?rest_route=\/wp\/v2\/pages\/44","targetHints":{"allow":["GET"]}}],"collection":[{"href":"https:\/\/stadtorchester-herrenberg.de\/index.php?rest_route=\/wp\/v2\/pages"}],"about":[{"href":"https:\/\/stadtorchester-herrenberg.de\/index.php?rest_route=\/wp\/v2\/types\/page"}],"author":[{"embeddable":true,"href":"https:\/\/stadtorchester-herrenberg.de\/index.php?rest_route=\/wp\/v2\/users\/1"}],"replies":[{"embeddable":true,"href":"https:\/\/stadtorchester-herrenberg.de\/index.php?rest_route=%2Fwp%2Fv2%2Fcomments&post=44"}],"version-history":[{"count":11,"href":"https:\/\/stadtorchester-herrenberg.de\/index.php?rest_route=\/wp\/v2\/pages\/44\/revisions"}],"predecessor-version":[{"id":1785,"href":"https:\/\/stadtorchester-herrenberg.de\/index.php?rest_route=\/wp\/v2\/pages\/44\/revisions\/1785"}],"wp:attachment":[{"href":"https:\/\/stadtorchester-herrenberg.de\/index.php?rest_route=%2Fwp%2Fv2%2Fmedia&parent=44"}],"curies":[{"name":"wp","href":"https:\/\/api.w.org\/{rel}","templated":true}]}}